{"id":18,"date":"2012-10-24T19:16:33","date_gmt":"2012-10-24T17:16:33","guid":{"rendered":"http:\/\/localhost\/wordpress\/?page_id=18"},"modified":"2024-05-06T09:37:00","modified_gmt":"2024-05-06T09:37:00","slug":"vorstand","status":"publish","type":"page","link":"http:\/\/sc.essehof-online.de\/?page_id=18","title":{"rendered":"Vorstand"},"content":{"rendered":"<p>Hier finden sich alle Vorstandsmitglieder mit ihren Funktionen.<\/p>\n<p><strong>Gesch\u00e4ftsf\u00fchrender Vorstand<\/strong><\/p>\n<ul>\n<li>Martin Fr\u00f6hling, Vorsitzender<\/li>\n<li>Sabine Kaul, Stv. Vorsitzende<\/li>\n<li>Diana Weissgr\u00e4ber, Gesch\u00e4ftsf\u00fchrerin<\/li>\n<li>Hans-Joachim Gottschlich, Kassenwart<\/li>\n<\/ul>\n<p><strong>Erweiterter Vorstand:<\/strong><\/p>\n<ul>\n<li>Volker Hesse, Stv. Gesch\u00e4ftsf\u00fchrer<\/li>\n<li>Peter Schmidt, Stv. Kassenwart<\/li>\n<li>Heike Gebauer, Jugendwartin<\/li>\n<li>Josephine Rautmann, Spartenleiterin Damengynastik<\/li>\n<li>Michael Keie, Spartenleiter Ju-Jutsu<\/li>\n<\/ul>\n","protected":false},"excerpt":{"rendered":"<p>Hier finden sich alle Vorstandsmitglieder mit ihren Funktionen. Gesch\u00e4ftsf\u00fchrender Vorstand Martin Fr\u00f6hling, Vorsitzender Sabine Kaul, Stv. Vorsitzende Diana Weissgr\u00e4ber, Gesch\u00e4ftsf\u00fchrerin Hans-Joachim Gottschlich, Kassenwart Erweiterter Vorstand: Volker Hesse, Stv. Gesch\u00e4ftsf\u00fchrer Peter Schmidt, Stv. Kassenwart Heike Gebauer, Jugendwartin Josephine Rautmann, Spartenleiterin Damengynastik Michael Keie, Spartenleiter Ju-Jutsu<\/p>\n","protected":false},"author":1,"featured_media":0,"parent":8,"menu_order":0,"comment_status":"open","ping_status":"open","template":"","meta":{"footnotes":""},"class_list":["post-18","page","type-page","status-publish","hentry"],"_links":{"self":[{"href":"http:\/\/sc.essehof-online.de\/index.php?rest_route=\/wp\/v2\/pages\/18","targetHints":{"allow":["GET"]}}],"collection":[{"href":"http:\/\/sc.essehof-online.de\/index.php?rest_route=\/wp\/v2\/pages"}],"about":[{"href":"http:\/\/sc.essehof-online.de\/index.php?rest_route=\/wp\/v2\/types\/page"}],"author":[{"embeddable":true,"href":"http:\/\/sc.essehof-online.de\/index.php?rest_route=\/wp\/v2\/users\/1"}],"replies":[{"embeddable":true,"href":"http:\/\/sc.essehof-online.de\/index.php?rest_route=%2Fwp%2Fv2%2Fcomments&post=18"}],"version-history":[{"count":10,"href":"http:\/\/sc.essehof-online.de\/index.php?rest_route=\/wp\/v2\/pages\/18\/revisions"}],"predecessor-version":[{"id":818,"href":"http:\/\/sc.essehof-online.de\/index.php?rest_route=\/wp\/v2\/pages\/18\/revisions\/818"}],"up":[{"embeddable":true,"href":"http:\/\/sc.essehof-online.de\/index.php?rest_route=\/wp\/v2\/pages\/8"}],"wp:attachment":[{"href":"http:\/\/sc.essehof-online.de\/index.php?rest_route=%2Fwp%2Fv2%2Fmedia&parent=18"}],"curies":[{"name":"wp","href":"https:\/\/api.w.org\/{rel}","templated":true}]}}